-- phpMyAdmin SQL Dump
-- version 5.1.1
-- https://www.phpmyadmin.net/
--
-- Servidor: 127.0.0.1
-- Tiempo de generación: 19-10-2023 a las 16:28:00
-- Versión del servidor: 10.4.19-MariaDB
-- Versión de PHP: 8.0.7

SET SQL_MODE = "NO_AUTO_VALUE_ON_ZERO";
START TRANSACTION;
SET time_zone = "+00:00";


/*!40101 SET @OLD_CHARACTER_SET_CLIENT=@@CHARACTER_SET_CLIENT */;
/*!40101 SET @OLD_CHARACTER_SET_RESULTS=@@CHARACTER_SET_RESULTS */;
/*!40101 SET @OLD_COLLATION_CONNECTION=@@COLLATION_CONNECTION */;
/*!40101 SET NAMES utf8mb4 */;

--
-- Base de datos: `dbflotaclx`
--

-- --------------------------------------------------------

--
-- Estructura de tabla para la tabla `clautorizado`
--

CREATE TABLE `clautorizado` (
  `idAutorizado` int(6) NOT NULL,
  `autorizado` varchar(20) NOT NULL
) ENGINE=InnoDB DEFAULT CHARSET=utf8mb4;

--
-- Volcado de datos para la tabla `clautorizado`
--

INSERT INTO `clautorizado` (`idAutorizado`, `autorizado`) VALUES
(1, 'EMIR BASTIDAS');

-- --------------------------------------------------------

--
-- Estructura de tabla para la tabla `clcolor`
--

CREATE TABLE `clcolor` (
  `color` varchar(10) NOT NULL
) ENGINE=InnoDB DEFAULT CHARSET=utf8mb4;

--
-- Volcado de datos para la tabla `clcolor`
--

INSERT INTO `clcolor` (`color`) VALUES
('AMARILLO'),
('AZUL'),
('BEIGE'),
('BLANCO'),
('DORADO'),
('GRIS'),
('MARRON'),
('NARANJA'),
('NEGRO'),
('PLATA'),
('ROJO'),
('VERDE'),
('VIOLETA');

-- --------------------------------------------------------

--
-- Estructura de tabla para la tabla `clcondicion`
--

CREATE TABLE `clcondicion` (
  `idcondicion` int(6) NOT NULL,
  `condicion` varchar(144) NOT NULL
) ENGINE=InnoDB DEFAULT CHARSET=utf8mb4;

--
-- Volcado de datos para la tabla `clcondicion`
--

INSERT INTO `clcondicion` (`idcondicion`, `condicion`) VALUES
(1, 'En buen estado');

-- --------------------------------------------------------

--
-- Estructura de tabla para la tabla `clmarca`
--

CREATE TABLE `clmarca` (
  `marca` varchar(20) NOT NULL
) ENGINE=InnoDB DEFAULT CHARSET=utf8mb4;

--
-- Volcado de datos para la tabla `clmarca`
--

INSERT INTO `clmarca` (`marca`) VALUES
('CHEVROLET'),
('DONGFENG'),
('JEEP'),
('LEXUS'),
('MITSUBISHI'),
('TOYOTA'),
('LAND ROVER'),
('');

-- --------------------------------------------------------

--
-- Estructura de tabla para la tabla `clmodelo`
--

CREATE TABLE `clmodelo` (
  `modelo` varchar(20) NOT NULL
) ENGINE=InnoDB DEFAULT CHARSET=utf8mb4;

--
-- Volcado de datos para la tabla `clmodelo`
--

INSERT INTO `clmodelo` (`modelo`) VALUES
('C3500'),
('COROLLA'),
('FORTUNER'),
('GRAND CHEROKEE'),
('HILUX'),
('LX570'),
('SIGNO'),
('SPARK'),
('ZNA'),
('RANGE ROVER');

-- --------------------------------------------------------

--
-- Estructura de tabla para la tabla `clusuario`
--

CREATE TABLE `clusuario` (
  `idUsuario` int(6) NOT NULL,
  `nombre` varchar(20) NOT NULL,
  `abreviado` varchar(8) NOT NULL,
  `nivelAutoriz` int(1) NOT NULL DEFAULT 0
) ENGINE=InnoDB DEFAULT CHARSET=utf8mb4;

-- --------------------------------------------------------

--
-- Estructura de tabla para la tabla `mtchofer`
--

CREATE TABLE `mtchofer` (
  `idChofer` int(6) NOT NULL,
  `nombre` varchar(20) NOT NULL
) ENGINE=InnoDB DEFAULT CHARSET=utf8mb4;

--
-- Volcado de datos para la tabla `mtchofer`
--

INSERT INTO `mtchofer` (`idChofer`, `nombre`) VALUES
(1, 'JAVIER RUIZ'),
(2, 'CARLOS VILLEGAS'),
(3, 'ROGELIO MORALES'),
(4, 'RICHARD DURAN'),
(5, 'ALBERT MEDINA'),
(6, 'ATALA DAGGA'),
(9, 'YBRAEL RAMIREZ'),
(10, 'ANGEL PEREZ'),
(11, 'JOSE MEDINA'),
(12, 'ANTONIO BARRIOS'),
(13, 'EDWIN MARQUEZ'),
(14, 'JOSE M PEREZ'),
(15, 'HECTOR CUMARE'),
(16, 'LUIS TARACHE'),
(17, 'ELEAZAR CONTRERAS'),
(18, 'YLVIS MARTINEZ'),
(19, 'CESAR LEON'),
(20, 'HECTOR CORREA'),
(21, 'GUSTAVO MORILLO'),
(22, 'LUIS HERNANDEZ'),
(23, 'EDUARDO MORALES'),
(24, 'RONALD GONZALEZ');

-- --------------------------------------------------------

--
-- Estructura de tabla para la tabla `mtvehiculo`
--

CREATE TABLE `mtvehiculo` (
  `placa` varchar(10) NOT NULL,
  `marca` varchar(20) NOT NULL,
  `modelo` varchar(20) NOT NULL,
  `fabricado` int(4) NOT NULL,
  `color` varchar(10) DEFAULT NULL,
  `serialCarroceria` varchar(15) DEFAULT NULL,
  `serialMotor` varchar(15) DEFAULT NULL,
  `propietario` varchar(20) NOT NULL,
  `estado` int(1) NOT NULL DEFAULT 1,
  `ultimoMvflota` int(6) NOT NULL DEFAULT 0
) ENGINE=InnoDB DEFAULT CHARSET=utf8mb4;

--
-- Volcado de datos para la tabla `mtvehiculo`
--

INSERT INTO `mtvehiculo` (`placa`, `marca`, `modelo`, `fabricado`, `color`, `serialCarroceria`, `serialMotor`, `propietario`, `estado`, `ultimoMvflota`) VALUES
('', 'CHEVROLET', 'C3500', 0, 'AMARILLO', '', '', '', 1, 0),
('A31CR8G', 'DONGFENG', 'ZNA', 2014, 'PLATA', '', '', 'GERALA', 2, 6),
('A44CO6S', 'DONGFENG', 'ZNA', 2015, NULL, NULL, NULL, 'YASER DAGGA', 2, 1),
('A46DP4V', 'TOYOTA', 'HILUX', 2021, NULL, NULL, NULL, 'YASER DAGGA', 1, 0),
('A54CO6S', 'DONGFENG', 'ZNA', 2005, 'AZUL', '', '', 'YASSER DAGGA', 2, 14),
('A59CJ7G', 'TOYOTA', 'HILUX', 2013, NULL, NULL, NULL, 'YASER DAGGA', 2, 21),
('A97CY4V', 'CHEVROLET', 'C3500', 2014, NULL, NULL, NULL, 'YASER DAGGA', 2, 17),
('AA199YW', 'JEEP', 'GRAND CHEROKEE', 2015, NULL, NULL, NULL, 'YASER DAGGA', 1, 19),
('AB53BIU', 'LEXUS', 'LX570', 2018, NULL, NULL, NULL, 'YASER DAGGA', 2, 3),
('AE576SD', 'CHEVROLET', 'SPARK', 2015, NULL, NULL, NULL, 'YASER DAGGA', 2, 13),
('AH432RV', 'LAND ROVER', 'RANGE ROVER', 2016, 'BLANCO', '', '', 'YASSER DAGGA', 2, 18),
('AI837AK', 'TOYOTA', 'FORTUNER', 2018, NULL, NULL, NULL, 'YASER DAGGA', 2, 9),
('AM968RA', 'TOYOTA', 'COROLLA', 2018, NULL, NULL, NULL, 'YASER DAGGA', 2, 2),
('EAU8K', 'MITSUBISHI', 'SIGNO', 2013, NULL, NULL, NULL, 'YASER DAGGA', 2, 20);

-- --------------------------------------------------------

--
-- Estructura de tabla para la tabla `mvflota`
--

CREATE TABLE `mvflota` (
  `numero` int(6) NOT NULL,
  `tipo` char(1) NOT NULL DEFAULT '0',
  `fecha` datetime NOT NULL DEFAULT current_timestamp(),
  `placa` varchar(10) NOT NULL,
  `chofer` int(6) NOT NULL DEFAULT 0,
  `condicion` int(6) NOT NULL DEFAULT 0,
  `autorizado` int(6) NOT NULL
) ENGINE=InnoDB DEFAULT CHARSET=utf8mb4;

--
-- Volcado de datos para la tabla `mvflota`
--

INSERT INTO `mvflota` (`numero`, `tipo`, `fecha`, `placa`, `chofer`, `condicion`, `autorizado`) VALUES
(1, 'O', '2021-07-14 11:49:32', 'A44CO6S', 1, 1, 1),
(2, 'O', '2021-06-22 14:47:54', 'AM968RA', 2, 1, 1),
(3, 'O', '2021-06-21 14:50:36', 'AB53BIU', 10, 1, 1),
(4, 'O', '2021-06-23 09:17:00', 'EAU8K', 11, 1, 1),
(5, 'O', '2021-07-29 11:00:00', 'AE576SD', 14, 1, 1),
(6, 'O', '2021-07-29 13:03:09', 'A31CR8G', 17, 1, 1),
(7, 'I', '2021-07-29 13:14:40', 'EAU8K', 11, 1, 1),
(8, 'O', '2021-07-29 13:15:17', 'AA199YW', 9, 1, 1),
(9, 'O', '2021-07-29 13:18:02', 'AI837AK', 5, 1, 1),
(10, 'O', '2021-07-30 08:27:10', 'A59CJ7G', 18, 1, 1),
(11, 'I', '2021-07-30 11:34:39', 'AE576SD', 14, 1, 1),
(12, 'I', '2021-08-05 17:53:00', 'A59CJ7G', 18, 1, 1),
(13, 'O', '2021-08-05 17:00:00', 'AE576SD', 19, 1, 1),
(14, 'O', '2021-08-09 08:05:00', 'A54CO6S', 20, 1, 1),
(15, 'O', '2021-08-18 10:38:38', 'EAU8K', 15, 1, 1),
(16, 'I', '2021-08-20 14:44:00', 'EAU8K', 15, 1, 1),
(17, 'O', '2021-08-11 11:48:00', 'A97CY4V', 21, 1, 1),
(18, 'O', '2021-08-23 18:00:00', 'AH432RV', 5, 1, 1),
(19, 'I', '2021-08-23 18:00:00', 'AA199YW', 5, 0, 1),
(20, 'O', '2021-09-03 10:12:21', 'EAU8K', 22, 0, 1),
(21, 'O', '2021-09-23 13:28:00', 'A59CJ7G', 22, 1, 1);

--
-- Índices para tablas volcadas
--

--
-- Indices de la tabla `clautorizado`
--
ALTER TABLE `clautorizado`
  ADD PRIMARY KEY (`idAutorizado`);

--
-- Indices de la tabla `clcondicion`
--
ALTER TABLE `clcondicion`
  ADD PRIMARY KEY (`idcondicion`);

--
-- Indices de la tabla `clusuario`
--
ALTER TABLE `clusuario`
  ADD PRIMARY KEY (`idUsuario`);

--
-- Indices de la tabla `mtchofer`
--
ALTER TABLE `mtchofer`
  ADD PRIMARY KEY (`idChofer`);

--
-- Indices de la tabla `mtvehiculo`
--
ALTER TABLE `mtvehiculo`
  ADD PRIMARY KEY (`placa`);

--
-- Indices de la tabla `mvflota`
--
ALTER TABLE `mvflota`
  ADD PRIMARY KEY (`numero`);

--
-- AUTO_INCREMENT de las tablas volcadas
--

--
-- AUTO_INCREMENT de la tabla `clautorizado`
--
ALTER TABLE `clautorizado`
  MODIFY `idAutorizado` int(6) NOT NULL AUTO_INCREMENT, AUTO_INCREMENT=2;

--
-- AUTO_INCREMENT de la tabla `clcondicion`
--
ALTER TABLE `clcondicion`
  MODIFY `idcondicion` int(6) NOT NULL AUTO_INCREMENT, AUTO_INCREMENT=3;

--
-- AUTO_INCREMENT de la tabla `clusuario`
--
ALTER TABLE `clusuario`
  MODIFY `idUsuario` int(6) NOT NULL AUTO_INCREMENT;

--
-- AUTO_INCREMENT de la tabla `mtchofer`
--
ALTER TABLE `mtchofer`
  MODIFY `idChofer` int(6) NOT NULL AUTO_INCREMENT, AUTO_INCREMENT=25;

--
-- AUTO_INCREMENT de la tabla `mvflota`
--
ALTER TABLE `mvflota`
  MODIFY `numero` int(6) NOT NULL AUTO_INCREMENT, AUTO_INCREMENT=22;
COMMIT;

/*!40101 SET CHARACTER_SET_CLIENT=@OLD_CHARACTER_SET_CLIENT */;
/*!40101 SET CHARACTER_SET_RESULTS=@OLD_CHARACTER_SET_RESULTS */;
/*!40101 SET COLLATION_CONNECTION=@OLD_COLLATION_CONNECTION */;
